{"id":26633,"date":"2022-12-22T09:12:24","date_gmt":"2022-12-22T09:12:24","guid":{"rendered":"https:\/\/www.lasaadia.org\/wp\/?page_id=26633"},"modified":"2024-03-10T12:06:19","modified_gmt":"2024-03-10T12:06:19","slug":"nos-valeurs","status":"publish","type":"page","link":"https:\/\/www.lasaadia.ma\/?page_id=26633","title":{"rendered":"NOS VALEURS"},"content":{"rendered":"\t\t<div data-elementor-type=\"wp-page\" data-elementor-id=\"26633\" class=\"elementor elementor-26633\">\n\t\t\t\t\t\t<section class=\"elementor-section elementor-top-section elementor-element elementor-element-1848a7f elementor-section-stretched elementor-section-boxed elementor-section-height-default elementor-section-height-default\" data-id=\"1848a7f\" data-element_type=\"section\" data-e-type=\"section\" data-settings=\"{&quot;stretch_section&quot;:&quot;section-stretched&quot;,&quot;background_background&quot;:&quot;classic&quot;}\">\n\t\t\t\t\t\t<div class=\"elementor-container elementor-column-gap-default\">\n\t\t\t\t\t<div class=\"elementor-column elementor-col-100 elementor-top-column elementor-element elementor-element-6073843\" data-id=\"6073843\" data-element_type=\"column\" data-e-type=\"column\">\n\t\t\t<div class=\"elementor-widget-wrap elementor-element-populated\">\n\t\t\t\t\t\t<div class=\"elementor-element elementor-element-481c73d elementor-widget elementor-widget-heading\" data-id=\"481c73d\" data-element_type=\"widget\" data-e-type=\"widget\" data-widget_type=\"heading.default\">\n\t\t\t\t<div class=\"elementor-widget-container\">\n\t\t\t\t\t<h3 class=\"elementor-heading-title elementor-size-default\">NOS VALEURS<\/h3>\t\t\t\t<\/div>\n\t\t\t\t<\/div>\n\t\t\t\t<div class=\"elementor-element elementor-element-ce54f04 elementor-widget-divider--view-line elementor-widget elementor-widget-divider\" data-id=\"ce54f04\" data-element_type=\"widget\" data-e-type=\"widget\" data-widget_type=\"divider.default\">\n\t\t\t\t<div class=\"elementor-widget-container\">\n\t\t\t\t\t\t\t<div class=\"elementor-divider\">\n\t\t\t<span class=\"elementor-divider-separator\">\n\t\t\t\t\t\t<\/span>\n\t\t<\/div>\n\t\t\t\t\t\t<\/div>\n\t\t\t\t<\/div>\n\t\t\t\t\t<\/div>\n\t\t<\/div>\n\t\t\t\t\t<\/div>\n\t\t<\/section>\n\t\t\t\t<section class=\"elementor-section elementor-top-section elementor-element elementor-element-65ce830 elementor-section-boxed elementor-section-height-default elementor-section-height-default\" data-id=\"65ce830\" data-element_type=\"section\" data-e-type=\"section\">\n\t\t\t\t\t\t<div class=\"elementor-container elementor-column-gap-default\">\n\t\t\t\t\t<div class=\"elementor-column elementor-col-100 elementor-top-column elementor-element elementor-element-2156424\" data-id=\"2156424\" data-element_type=\"column\" data-e-type=\"column\">\n\t\t\t<div class=\"elementor-widget-wrap elementor-element-populated\">\n\t\t\t\t\t\t<div class=\"elementor-element elementor-element-662553b elementor-widget elementor-widget-text-editor\" data-id=\"662553b\" data-element_type=\"widget\" data-e-type=\"widget\" data-widget_type=\"text-editor.default\">\n\t\t\t\t<div class=\"elementor-widget-container\">\n\t\t\t\t\t\t\t\t\t<p>LA SAADIA d\u00e9fend une \u00e9ducation fond\u00e9e sur<\/p><ul><li>La tradition et la qualit\u00e9<\/li><li>La discipline et la responsabilisation<\/li><li>L\u2019humanisme et la cr\u00e9ativit\u00e9<\/li><\/ul><p>En plus d\u2019un cursus de grande qualit\u00e9, connu et reconnu par les autorit\u00e9s comp\u00e9tentes, LA SAADIA donne \u00e0 ses \u00e9l\u00e8ves des valeurs humaines s\u00fbres en ad\u00e9quation avec notre vision des hommes de demain<\/p>\t\t\t\t\t\t\t\t<\/div>\n\t\t\t\t<\/div>\n\t\t\t\t\t<\/div>\n\t\t<\/div>\n\t\t\t\t\t<\/div>\n\t\t<\/section>\n\t\t\t\t<section class=\"elementor-section elementor-top-section elementor-element elementor-element-e98764f elementor-section-boxed elementor-section-height-default elementor-section-height-default\" data-id=\"e98764f\" data-element_type=\"section\" data-e-type=\"section\">\n\t\t\t\t\t\t<div class=\"elementor-container elementor-column-gap-default\">\n\t\t\t\t\t<div class=\"elementor-column elementor-col-50 elementor-top-column elementor-element elementor-element-76206fe\" data-id=\"76206fe\" data-element_type=\"column\" data-e-type=\"column\">\n\t\t\t<div class=\"elementor-widget-wrap elementor-element-populated\">\n\t\t\t\t\t\t<div class=\"elementor-element elementor-element-92dcebc elementor-widget elementor-widget-spacer\" data-id=\"92dcebc\" data-element_type=\"widget\" data-e-type=\"widget\" data-widget_type=\"spacer.default\">\n\t\t\t\t<div class=\"elementor-widget-container\">\n\t\t\t\t\t\t\t<div class=\"elementor-spacer\">\n\t\t\t<div class=\"elementor-spacer-inner\"><\/div>\n\t\t<\/div>\n\t\t\t\t\t\t<\/div>\n\t\t\t\t<\/div>\n\t\t\t\t<div class=\"elementor-element elementor-element-97abbb0 elementor-widget elementor-widget-text-editor\" data-id=\"97abbb0\" data-element_type=\"widget\" data-e-type=\"widget\" data-widget_type=\"text-editor.default\">\n\t\t\t\t<div class=\"elementor-widget-container\">\n\t\t\t\t\t\t\t\t\t<p>\u00ab\u2009<em>La foi am\u00e8ne le croyant \u00e0 voir dans l\u2019autre un fr\u00e8re \u00e0 soutenir et \u00e0 aimer. De la foi en Dieu, qui a cr\u00e9\u00e9 l\u2019univers, les cr\u00e9atures et tous les \u00eatres humains \u2014 \u00e9gaux par Sa Mis\u00e9ricorde \u2014, le croyant est appel\u00e9 \u00e0 exprimer cette fraternit\u00e9 humaine, en sauvegardant la cr\u00e9ation et tout l\u2019univers et en soutenant chaque personne, sp\u00e9cialement celles qui sont le plus dans le besoin et les plus pauvres<\/em>.\u2009\u00bb (Document sur la Fraternit\u00e9 humaine, Pape Fran\u00e7ois et Imam Ahmed El-Tayyeb, Abu-Dhabi, 4\u00a0f\u00e9vrier 2019)<\/p>\t\t\t\t\t\t\t\t<\/div>\n\t\t\t\t<\/div>\n\t\t\t\t\t<\/div>\n\t\t<\/div>\n\t\t\t\t<div class=\"elementor-column elementor-col-50 elementor-top-column elementor-element elementor-element-3825e98\" data-id=\"3825e98\" data-element_type=\"column\" data-e-type=\"column\">\n\t\t\t<div class=\"elementor-widget-wrap elementor-element-populated\">\n\t\t\t\t\t\t<div class=\"elementor-element elementor-element-974fb5a elementor-widget elementor-widget-image\" data-id=\"974fb5a\" data-element_type=\"widget\" data-e-type=\"widget\" data-widget_type=\"image.default\">\n\t\t\t\t<div class=\"elementor-widget-container\">\n\t\t\t\t\t\t\t\t\t\t\t\t\t\t\t<img fetchpriority=\"high\" decoding=\"async\" width=\"925\" height=\"768\" src=\"https:\/\/www.lasaadia.ma\/wp-content\/uploads\/2024\/03\/4.jpg\" class=\"attachment-1536x1536 size-1536x1536 wp-image-33023\" alt=\"\" srcset=\"https:\/\/www.lasaadia.ma\/wp-content\/uploads\/2024\/03\/4.jpg 925w, https:\/\/www.lasaadia.ma\/wp-content\/uploads\/2024\/03\/4-300x249.jpg 300w, https:\/\/www.lasaadia.ma\/wp-content\/uploads\/2024\/03\/4-768x638.jpg 768w\" sizes=\"(max-width: 925px) 100vw, 925px\" \/>\t\t\t\t\t\t\t\t\t\t\t\t\t\t\t<\/div>\n\t\t\t\t<\/div>\n\t\t\t\t\t<\/div>\n\t\t<\/div>\n\t\t\t\t\t<\/div>\n\t\t<\/section>\n\t\t\t\t<section class=\"elementor-section elementor-top-section elementor-element elementor-element-4b84305 elementor-section-boxed elementor-section-height-default elementor-section-height-default\" data-id=\"4b84305\" data-element_type=\"section\" data-e-type=\"section\">\n\t\t\t\t\t\t<div class=\"elementor-container elementor-column-gap-default\">\n\t\t\t\t\t<div class=\"elementor-column elementor-col-50 elementor-top-column elementor-element elementor-element-37d4427\" data-id=\"37d4427\" data-element_type=\"column\" data-e-type=\"column\">\n\t\t\t<div class=\"elementor-widget-wrap elementor-element-populated\">\n\t\t\t\t\t\t<div class=\"elementor-element elementor-element-bf903bc elementor-widget elementor-widget-image\" data-id=\"bf903bc\" data-element_type=\"widget\" data-e-type=\"widget\" data-widget_type=\"image.default\">\n\t\t\t\t<div class=\"elementor-widget-container\">\n\t\t\t\t\t\t\t\t\t\t\t\t\t\t\t<img decoding=\"async\" width=\"1536\" height=\"1067\" src=\"https:\/\/www.lasaadia.ma\/wp-content\/uploads\/2024\/03\/2-2048x1422-1-1536x1067.jpg\" class=\"attachment-1536x1536 size-1536x1536 wp-image-33024\" alt=\"\" srcset=\"https:\/\/www.lasaadia.ma\/wp-content\/uploads\/2024\/03\/2-2048x1422-1-1536x1067.jpg 1536w, https:\/\/www.lasaadia.ma\/wp-content\/uploads\/2024\/03\/2-2048x1422-1-300x208.jpg 300w, https:\/\/www.lasaadia.ma\/wp-content\/uploads\/2024\/03\/2-2048x1422-1-1024x711.jpg 1024w, https:\/\/www.lasaadia.ma\/wp-content\/uploads\/2024\/03\/2-2048x1422-1-768x533.jpg 768w, https:\/\/www.lasaadia.ma\/wp-content\/uploads\/2024\/03\/2-2048x1422-1.jpg 2048w\" sizes=\"(max-width: 1536px) 100vw, 1536px\" \/>\t\t\t\t\t\t\t\t\t\t\t\t\t\t\t<\/div>\n\t\t\t\t<\/div>\n\t\t\t\t\t<\/div>\n\t\t<\/div>\n\t\t\t\t<div class=\"elementor-column elementor-col-50 elementor-top-column elementor-element elementor-element-9d02522\" data-id=\"9d02522\" data-element_type=\"column\" data-e-type=\"column\">\n\t\t\t<div class=\"elementor-widget-wrap elementor-element-populated\">\n\t\t\t\t\t\t<div class=\"elementor-element elementor-element-e9b704b elementor-widget elementor-widget-spacer\" data-id=\"e9b704b\" data-element_type=\"widget\" data-e-type=\"widget\" data-widget_type=\"spacer.default\">\n\t\t\t\t<div class=\"elementor-widget-container\">\n\t\t\t\t\t\t\t<div class=\"elementor-spacer\">\n\t\t\t<div class=\"elementor-spacer-inner\"><\/div>\n\t\t<\/div>\n\t\t\t\t\t\t<\/div>\n\t\t\t\t<\/div>\n\t\t\t\t<div class=\"elementor-element elementor-element-4edeb7a elementor-widget elementor-widget-text-editor\" data-id=\"4edeb7a\" data-element_type=\"widget\" data-e-type=\"widget\" data-widget_type=\"text-editor.default\">\n\t\t\t\t<div class=\"elementor-widget-container\">\n\t\t\t\t\t\t\t\t\t<div class=\"wpb_column vc_column_container vc_col-sm-6 vc_hidden-sm vc_hidden-xs\"><div class=\"vc_column-inner\"><div class=\"wpb_wrapper\"><div class=\"wpb_text_column wpb_content_element \"><div class=\"wpb_wrapper\"><p>Notre foi nous conduit donc, chr\u00e9tiens et musulmans, \u00e0 nourrir en nos enfants l\u2019amour et le respect de soi et d\u2019autrui, la solidarit\u00e9, la libert\u00e9 dans son sens le plus noble, l\u2019\u00e9galit\u00e9, quelle que soit la race ou la croyance, la fraternit\u00e9, l\u2019empathie, la bienveillance, le partage, l\u2019honn\u00eatet\u00e9\u2026 Tout un ensemble de valeurs humaines, morales et \u00e9thiques qui font de nos enfants des partisans de la paix, des assoiff\u00e9s de justice et des b\u00e2tisseurs de demain.<\/p><\/div><\/div><\/div><\/div><\/div>\t\t\t\t\t\t\t\t<\/div>\n\t\t\t\t<\/div>\n\t\t\t\t\t<\/div>\n\t\t<\/div>\n\t\t\t\t\t<\/div>\n\t\t<\/section>\n\t\t\t\t<section class=\"elementor-section elementor-top-section elementor-element elementor-element-7f6ecd5 elementor-section-boxed elementor-section-height-default elementor-section-height-default\" data-id=\"7f6ecd5\" data-element_type=\"section\" data-e-type=\"section\">\n\t\t\t\t\t\t<div class=\"elementor-container elementor-column-gap-default\">\n\t\t\t\t\t<div class=\"elementor-column elementor-col-50 elementor-top-column elementor-element elementor-element-1327467\" data-id=\"1327467\" data-element_type=\"column\" data-e-type=\"column\">\n\t\t\t<div class=\"elementor-widget-wrap elementor-element-populated\">\n\t\t\t\t\t\t<div class=\"elementor-element elementor-element-825c522 elementor-widget elementor-widget-spacer\" data-id=\"825c522\" data-element_type=\"widget\" data-e-type=\"widget\" data-widget_type=\"spacer.default\">\n\t\t\t\t<div class=\"elementor-widget-container\">\n\t\t\t\t\t\t\t<div class=\"elementor-spacer\">\n\t\t\t<div class=\"elementor-spacer-inner\"><\/div>\n\t\t<\/div>\n\t\t\t\t\t\t<\/div>\n\t\t\t\t<\/div>\n\t\t\t\t<div class=\"elementor-element elementor-element-c7c7e36 elementor-widget elementor-widget-text-editor\" data-id=\"c7c7e36\" data-element_type=\"widget\" data-e-type=\"widget\" data-widget_type=\"text-editor.default\">\n\t\t\t\t<div class=\"elementor-widget-container\">\n\t\t\t\t\t\t\t\t\t<p>Notre mission est de construire le socle de l\u2019\u00e9ducation de nos \u00e9l\u00e8ves futurs d\u00e9cideurs de demain. Dot\u00e9s d\u2019une solide base dans toutes les mati\u00e8res, litt\u00e9raires, scientifiques et artistiques, \u00e9lev\u00e9s dans le respect des valeurs universelles, nos \u00e9l\u00e8ves quittent nos rangs, fins pr\u00eats \u00e0 relever les d\u00e9fis des diff\u00e9rents cycles qui les attendent.<\/p>\t\t\t\t\t\t\t\t<\/div>\n\t\t\t\t<\/div>\n\t\t\t\t\t<\/div>\n\t\t<\/div>\n\t\t\t\t<div class=\"elementor-column elementor-col-50 elementor-top-column elementor-element elementor-element-852c727\" data-id=\"852c727\" data-element_type=\"column\" data-e-type=\"column\">\n\t\t\t<div class=\"elementor-widget-wrap elementor-element-populated\">\n\t\t\t\t\t\t<div class=\"elementor-element elementor-element-58f9e46 elementor-widget elementor-widget-image\" data-id=\"58f9e46\" data-element_type=\"widget\" data-e-type=\"widget\" data-widget_type=\"image.default\">\n\t\t\t\t<div class=\"elementor-widget-container\">\n\t\t\t\t\t\t\t\t\t\t\t\t\t\t\t<img decoding=\"async\" width=\"1536\" height=\"1024\" src=\"https:\/\/www.lasaadia.ma\/wp-content\/uploads\/2024\/03\/DSC_0025-2048x1365-1-1536x1024.jpg\" class=\"attachment-1536x1536 size-1536x1536 wp-image-33025\" alt=\"\" srcset=\"https:\/\/www.lasaadia.ma\/wp-content\/uploads\/2024\/03\/DSC_0025-2048x1365-1-1536x1024.jpg 1536w, https:\/\/www.lasaadia.ma\/wp-content\/uploads\/2024\/03\/DSC_0025-2048x1365-1-300x200.jpg 300w, https:\/\/www.lasaadia.ma\/wp-content\/uploads\/2024\/03\/DSC_0025-2048x1365-1-1024x683.jpg 1024w, https:\/\/www.lasaadia.ma\/wp-content\/uploads\/2024\/03\/DSC_0025-2048x1365-1-768x512.jpg 768w, https:\/\/www.lasaadia.ma\/wp-content\/uploads\/2024\/03\/DSC_0025-2048x1365-1.jpg 2048w\" sizes=\"(max-width: 1536px) 100vw, 1536px\" \/>\t\t\t\t\t\t\t\t\t\t\t\t\t\t\t<\/div>\n\t\t\t\t<\/div>\n\t\t\t\t\t<\/div>\n\t\t<\/div>\n\t\t\t\t\t<\/div>\n\t\t<\/section>\n\t\t\t\t<section class=\"elementor-section elementor-top-section elementor-element elementor-element-53a0b04 elementor-section-stretched elementor-section-boxed elementor-section-height-default elementor-section-height-default\" data-id=\"53a0b04\" data-element_type=\"section\" data-e-type=\"section\" data-settings=\"{&quot;stretch_section&quot;:&quot;section-stretched&quot;,&quot;background_background&quot;:&quot;classic&quot;}\">\n\t\t\t\t\t\t<div class=\"elementor-container elementor-column-gap-default\">\n\t\t\t\t\t<div class=\"elementor-column elementor-col-100 elementor-top-column elementor-element elementor-element-89193c6\" data-id=\"89193c6\" data-element_type=\"column\" data-e-type=\"column\">\n\t\t\t<div class=\"elementor-widget-wrap elementor-element-populated\">\n\t\t\t\t\t\t<div class=\"elementor-element elementor-element-07d389b elementor-widget elementor-widget-heading\" data-id=\"07d389b\" data-element_type=\"widget\" data-e-type=\"widget\" data-widget_type=\"heading.default\">\n\t\t\t\t<div class=\"elementor-widget-container\">\n\t\t\t\t\t<h5 class=\"elementor-heading-title elementor-size-default\">Autres pages qui pourraient vous int\u00e9resser :<\/h5>\t\t\t\t<\/div>\n\t\t\t\t<\/div>\n\t\t\t\t<section class=\"elementor-section elementor-inner-section elementor-element elementor-element-16a4673 elementor-section-boxed elementor-section-height-default elementor-section-height-default\" data-id=\"16a4673\" data-element_type=\"section\" data-e-type=\"section\">\n\t\t\t\t\t\t<div class=\"elementor-container elementor-column-gap-default\">\n\t\t\t\t\t<div class=\"elementor-column elementor-col-25 elementor-inner-column elementor-element elementor-element-46cb5aa\" data-id=\"46cb5aa\" data-element_type=\"column\" data-e-type=\"column\">\n\t\t\t<div class=\"elementor-widget-wrap elementor-element-populated\">\n\t\t\t\t\t\t<div class=\"elementor-element elementor-element-9b3d799 elementor-widget elementor-widget-image\" data-id=\"9b3d799\" data-element_type=\"widget\" data-e-type=\"widget\" data-widget_type=\"image.default\">\n\t\t\t\t<div class=\"elementor-widget-container\">\n\t\t\t\t\t\t\t\t\t\t\t\t\t\t\t\t<a href=\"https:\/\/www.lasaadia.ma\/?page_id=27095\">\n\t\t\t\t\t\t\t<img loading=\"lazy\" decoding=\"async\" width=\"800\" height=\"800\" src=\"https:\/\/www.lasaadia.ma\/wp-content\/uploads\/2023\/01\/Nos-services-1.jpg\" class=\"attachment-large size-large wp-image-27151\" alt=\"\" srcset=\"https:\/\/www.lasaadia.ma\/wp-content\/uploads\/2023\/01\/Nos-services-1.jpg 800w, https:\/\/www.lasaadia.ma\/wp-content\/uploads\/2023\/01\/Nos-services-1-300x300.jpg 300w, https:\/\/www.lasaadia.ma\/wp-content\/uploads\/2023\/01\/Nos-services-1-150x150.jpg 150w, https:\/\/www.lasaadia.ma\/wp-content\/uploads\/2023\/01\/Nos-services-1-768x768.jpg 768w\" sizes=\"(max-width: 800px) 100vw, 800px\" \/>\t\t\t\t\t\t\t\t<\/a>\n\t\t\t\t\t\t\t\t\t\t\t\t\t\t\t<\/div>\n\t\t\t\t<\/div>\n\t\t\t\t\t<\/div>\n\t\t<\/div>\n\t\t\t\t<div class=\"elementor-column elementor-col-25 elementor-inner-column elementor-element elementor-element-6a0e8b6\" data-id=\"6a0e8b6\" data-element_type=\"column\" data-e-type=\"column\">\n\t\t\t<div class=\"elementor-widget-wrap elementor-element-populated\">\n\t\t\t\t\t\t<div class=\"elementor-element elementor-element-6ac2af3 elementor-widget elementor-widget-image\" data-id=\"6ac2af3\" data-element_type=\"widget\" data-e-type=\"widget\" data-widget_type=\"image.default\">\n\t\t\t\t<div class=\"elementor-widget-container\">\n\t\t\t\t\t\t\t\t\t\t\t\t\t\t\t\t<a href=\"https:\/\/www.lasaadia.ma\/?page_id=26807\">\n\t\t\t\t\t\t\t<img loading=\"lazy\" decoding=\"async\" width=\"800\" height=\"800\" src=\"https:\/\/www.lasaadia.ma\/wp-content\/uploads\/2023\/01\/Nous-rejoindre.jpg\" class=\"attachment-large size-large wp-image-27150\" alt=\"\" srcset=\"https:\/\/www.lasaadia.ma\/wp-content\/uploads\/2023\/01\/Nous-rejoindre.jpg 800w, https:\/\/www.lasaadia.ma\/wp-content\/uploads\/2023\/01\/Nous-rejoindre-300x300.jpg 300w, https:\/\/www.lasaadia.ma\/wp-content\/uploads\/2023\/01\/Nous-rejoindre-150x150.jpg 150w, https:\/\/www.lasaadia.ma\/wp-content\/uploads\/2023\/01\/Nous-rejoindre-768x768.jpg 768w\" sizes=\"(max-width: 800px) 100vw, 800px\" \/>\t\t\t\t\t\t\t\t<\/a>\n\t\t\t\t\t\t\t\t\t\t\t\t\t\t\t<\/div>\n\t\t\t\t<\/div>\n\t\t\t\t\t<\/div>\n\t\t<\/div>\n\t\t\t\t<div class=\"elementor-column elementor-col-25 elementor-inner-column elementor-element elementor-element-94df5b2\" data-id=\"94df5b2\" data-element_type=\"column\" data-e-type=\"column\">\n\t\t\t<div class=\"elementor-widget-wrap elementor-element-populated\">\n\t\t\t\t\t\t<div class=\"elementor-element elementor-element-70e8b71 elementor-widget elementor-widget-image\" data-id=\"70e8b71\" data-element_type=\"widget\" data-e-type=\"widget\" data-widget_type=\"image.default\">\n\t\t\t\t<div class=\"elementor-widget-container\">\n\t\t\t\t\t\t\t\t\t\t\t\t\t\t\t\t<a href=\"https:\/\/www.lasaadia.ma\/?page_id=26894\">\n\t\t\t\t\t\t\t<img loading=\"lazy\" decoding=\"async\" width=\"800\" height=\"800\" src=\"https:\/\/www.lasaadia.ma\/wp-content\/uploads\/2023\/01\/Reseau-ECAM.jpg\" class=\"attachment-large size-large wp-image-27149\" alt=\"\" srcset=\"https:\/\/www.lasaadia.ma\/wp-content\/uploads\/2023\/01\/Reseau-ECAM.jpg 800w, https:\/\/www.lasaadia.ma\/wp-content\/uploads\/2023\/01\/Reseau-ECAM-300x300.jpg 300w, https:\/\/www.lasaadia.ma\/wp-content\/uploads\/2023\/01\/Reseau-ECAM-150x150.jpg 150w, https:\/\/www.lasaadia.ma\/wp-content\/uploads\/2023\/01\/Reseau-ECAM-768x768.jpg 768w\" sizes=\"(max-width: 800px) 100vw, 800px\" \/>\t\t\t\t\t\t\t\t<\/a>\n\t\t\t\t\t\t\t\t\t\t\t\t\t\t\t<\/div>\n\t\t\t\t<\/div>\n\t\t\t\t\t<\/div>\n\t\t<\/div>\n\t\t\t\t<div class=\"elementor-column elementor-col-25 elementor-inner-column elementor-element elementor-element-5966077\" data-id=\"5966077\" data-element_type=\"column\" data-e-type=\"column\">\n\t\t\t<div class=\"elementor-widget-wrap elementor-element-populated\">\n\t\t\t\t\t\t<div class=\"elementor-element elementor-element-7df4eca elementor-widget elementor-widget-image\" data-id=\"7df4eca\" data-element_type=\"widget\" data-e-type=\"widget\" data-widget_type=\"image.default\">\n\t\t\t\t<div class=\"elementor-widget-container\">\n\t\t\t\t\t\t\t\t\t\t\t\t\t\t\t\t<a href=\"https:\/\/www.lasaadia.ma\/?page_id=27955\">\n\t\t\t\t\t\t\t<img loading=\"lazy\" decoding=\"async\" width=\"800\" height=\"800\" src=\"https:\/\/www.lasaadia.ma\/wp-content\/uploads\/2023\/01\/Nos-Equipes.jpg\" class=\"attachment-large size-large wp-image-27148\" alt=\"\" srcset=\"https:\/\/www.lasaadia.ma\/wp-content\/uploads\/2023\/01\/Nos-Equipes.jpg 800w, https:\/\/www.lasaadia.ma\/wp-content\/uploads\/2023\/01\/Nos-Equipes-300x300.jpg 300w, https:\/\/www.lasaadia.ma\/wp-content\/uploads\/2023\/01\/Nos-Equipes-150x150.jpg 150w, https:\/\/www.lasaadia.ma\/wp-content\/uploads\/2023\/01\/Nos-Equipes-768x768.jpg 768w\" sizes=\"(max-width: 800px) 100vw, 800px\" \/>\t\t\t\t\t\t\t\t<\/a>\n\t\t\t\t\t\t\t\t\t\t\t\t\t\t\t<\/div>\n\t\t\t\t<\/div>\n\t\t\t\t\t<\/div>\n\t\t<\/div>\n\t\t\t\t\t<\/div>\n\t\t<\/section>\n\t\t\t\t\t<\/div>\n\t\t<\/div>\n\t\t\t\t\t<\/div>\n\t\t<\/section>\n\t\t\t\t<\/div>\n\t\t","protected":false},"excerpt":{"rendered":"<p>NOS VALEURS LA SAADIA d\u00e9fend une \u00e9ducation fond\u00e9e sur La tradition et la qualit\u00e9 La discipline et la responsabilisation L\u2019humanisme et la cr\u00e9ativit\u00e9 En plus d\u2019un cursus de grande qualit\u00e9, connu et reconnu par les autorit\u00e9s comp\u00e9tentes, LA SAADIA donne \u00e0 ses \u00e9l\u00e8ves des valeurs humaines s\u00fbres en ad\u00e9quation avec notre vision des hommes de &hellip;<\/p>\n<p class=\"read-more\"> <a class=\"\" href=\"https:\/\/www.lasaadia.ma\/?page_id=26633\"> <span class=\"screen-reader-text\">NOS VALEURS<\/span> Lire la suite\u00a0\u00bb<\/a><\/p>\n","protected":false},"author":1,"featured_media":0,"parent":0,"menu_order":0,"comment_status":"closed","ping_status":"closed","template":"","meta":{"site-sidebar-layout":"no-sidebar","site-content-layout":"page-builder","ast-global-header-display":"","ast-main-header-display":"","ast-hfb-above-header-display":"","ast-hfb-below-header-display":"","ast-hfb-mobile-header-display":"","site-post-title":"disabled","ast-breadcrumbs-content":"","ast-featured-img":"disabled","footer-sml-layout":"","theme-transparent-header-meta":"","adv-header-id-meta":"","stick-header-meta":"","header-above-stick-meta":"","header-main-stick-meta":"","header-below-stick-meta":"","_joinchat":[],"footnotes":""},"class_list":["post-26633","page","type-page","status-publish","hentry"],"_links":{"self":[{"href":"https:\/\/www.lasaadia.ma\/index.php?rest_route=\/wp\/v2\/pages\/26633","targetHints":{"allow":["GET"]}}],"collection":[{"href":"https:\/\/www.lasaadia.ma\/index.php?rest_route=\/wp\/v2\/pages"}],"about":[{"href":"https:\/\/www.lasaadia.ma\/index.php?rest_route=\/wp\/v2\/types\/page"}],"author":[{"embeddable":true,"href":"https:\/\/www.lasaadia.ma\/index.php?rest_route=\/wp\/v2\/users\/1"}],"replies":[{"embeddable":true,"href":"https:\/\/www.lasaadia.ma\/index.php?rest_route=%2Fwp%2Fv2%2Fcomments&post=26633"}],"version-history":[{"count":36,"href":"https:\/\/www.lasaadia.ma\/index.php?rest_route=\/wp\/v2\/pages\/26633\/revisions"}],"predecessor-version":[{"id":33028,"href":"https:\/\/www.lasaadia.ma\/index.php?rest_route=\/wp\/v2\/pages\/26633\/revisions\/33028"}],"wp:attachment":[{"href":"https:\/\/www.lasaadia.ma\/index.php?rest_route=%2Fwp%2Fv2%2Fmedia&parent=26633"}],"curies":[{"name":"wp","href":"https:\/\/api.w.org\/{rel}","templated":true}]}}